{"id":544,"date":"2024-10-05T18:49:14","date_gmt":"2024-10-05T16:49:14","guid":{"rendered":"https:\/\/lecollectifdigital.diapale.me\/?page_id=544"},"modified":"2024-10-05T21:32:13","modified_gmt":"2024-10-05T19:32:13","slug":"mentions-legales","status":"publish","type":"page","link":"https:\/\/lecollectifdigital.lysiana.com\/index.php\/mentions-legales\/","title":{"rendered":"Mentions Legales"},"content":{"rendered":"\t\t<div data-elementor-type=\"wp-page\" data-elementor-id=\"544\" class=\"elementor elementor-544\">\n\t\t\t\t<div class=\"elementor-element elementor-element-f342b75 e-flex e-con-boxed e-con e-parent\" data-id=\"f342b75\" data-element_type=\"container\" data-e-type=\"container\">\n\t\t\t\t\t<div class=\"e-con-inner\">\n\t\t\t\t<div class=\"elementor-element elementor-element-dc51b73 elementor-widget elementor-widget-text-editor\" data-id=\"dc51b73\" data-element_type=\"widget\" data-e-type=\"widget\" data-widget_type=\"text-editor.default\">\n\t\t\t\t<div class=\"elementor-widget-container\">\n\t\t\t\t\t\t\t\t\t<h1 style=\"font-variant-ligatures: normal; font-variant-caps: normal; font-style: normal;\">Mentions l\u00e9gales<\/h1><p style=\"font-variant-ligatures: normal; font-variant-caps: normal; font-family: Montserrat; font-size: 14px; font-style: normal; font-weight: 400; color: #3c4858;\">En vigueur au\u00a0<time style=\"font-size: 14px;\" datetime=\"2024-10-01\">01\/10\/2024<\/time><\/p><p style=\"font-variant-ligatures: normal; font-variant-caps: normal; font-family: Montserrat; font-size: 14px; font-style: normal; font-weight: 400; color: #3c4858;\">Conform\u00e9ment aux dispositions des Articles 6-III et 19 de la Loi n\u00b02004-575 du 21 juin 2004 pour la Confiance dans l\u2019\u00e9conomie num\u00e9rique, dite L.C.E.N., il est port\u00e9 \u00e0 la connaissance des utilisateurs et visiteurs, ci-apr\u00e8s l'\u00a0\u00bbUtilisateur\u00a0\u00bb, du site\u00a0<a style=\"font-size: 14px; transition-property: all;\" href=\"https:\/\/lecollectifdigital.lysiana.com\/\">Le Collectif Digital<\/a>\u00a0, ci-apr\u00e8s le \u00ab\u00a0Site\u00a0\u00bb, les pr\u00e9sentes mentions l\u00e9gales.<\/p><p style=\"font-variant-ligatures: normal; font-variant-caps: normal; font-family: Montserrat; font-size: 14px; font-style: normal; font-weight: 400; color: #3c4858;\">La connexion et la navigation sur le Site par l\u2019Utilisateur implique acceptation int\u00e9grale et sans r\u00e9serve des pr\u00e9sentes mentions l\u00e9gales.<\/p><p id=\"mlw-credits-show-more\" style=\"font-variant-ligatures: normal; font-variant-caps: normal; font-family: Montserrat; font-size: 14px; font-style: normal; font-weight: 400; color: #3c4858;\">Voir les cr\u00e9dits.<\/p><div id=\"mlw-credits\" style=\"font-variant-ligatures: normal; font-variant-caps: normal; font-family: Montserrat; font-size: 14px; font-style: normal; font-weight: 400; color: #3c4858; height: 0px; overflow: hidden;\"><p style=\"font-size: 14px;\">\u00a0<\/p><\/div><h2 style=\"font-variant-ligatures: normal; font-variant-caps: normal; font-style: normal;\">ARTICLE 1 &#8211; L&rsquo;EDITEUR<\/h2><p style=\"font-variant-ligatures: normal; font-variant-caps: normal; font-family: Montserrat; font-size: 14px; font-style: normal; font-weight: 400; color: #3c4858;\">L&rsquo;\u00e9dition du Site est assur\u00e9e par Le Collectif Digital au capital de euros, immatricul\u00e9e au Registre du Commerce et des Soci\u00e9t\u00e9s de sous le num\u00e9ro dont le si\u00e8ge social est situ\u00e9 au 41, boulevard de la R\u00e9publique \u2013 35400 Saint-Malo \u2013 France.<\/p><p style=\"font-variant-ligatures: normal; font-variant-caps: normal; font-family: Montserrat; font-size: 14px; font-style: normal; font-weight: 400; color: #3c4858;\">Num\u00e9ro de t\u00e9l\u00e9phone : +33 (0)2 01 02 03 0,<\/p><p style=\"font-variant-ligatures: normal; font-variant-caps: normal; font-family: Montserrat; font-size: 14px; font-style: normal; font-weight: 400; color: #3c4858;\">Adresse e-mail : .<\/p><p style=\"font-variant-ligatures: normal; font-variant-caps: normal; font-family: Montserrat; font-size: 14px; font-style: normal; font-weight: 400; color: #3c4858;\">N\u00b0 de TVA intracommunautaire :<\/p><p style=\"font-variant-ligatures: normal; font-variant-caps: normal; font-family: Montserrat; font-size: 14px; font-style: normal; font-weight: 400; color: #3c4858;\">Le Directeur de la publication est Pierre Maty ci-apr\u00e8s l'\u00a0\u00bbEditeur\u00a0\u00bb.<\/p><h2 style=\"font-variant-ligatures: normal; font-variant-caps: normal; font-style: normal;\">ARTICLE 2 &#8211; L&rsquo;HEBERGEUR<\/h2><p style=\"font-variant-ligatures: normal; font-variant-caps: normal; font-family: Montserrat; font-size: 14px; font-style: normal; font-weight: 400; color: #3c4858;\">L&rsquo;h\u00e9bergeur du Site est la soci\u00e9t\u00e9 , dont le si\u00e8ge social est situ\u00e9 au , avec le num\u00e9ro de t\u00e9l\u00e9phone : .<\/p><h2 style=\"font-variant-ligatures: normal; font-variant-caps: normal; font-style: normal;\">ARTICLE 3 &#8211; ACCES AU SITE<\/h2><p style=\"font-variant-ligatures: normal; font-variant-caps: normal; font-family: Montserrat; font-size: 14px; font-style: normal; font-weight: 400; color: #3c4858;\">Le Site est accessible en tout endroit, 7j\/7, 24h\/24 sauf cas de force majeure, interruption programm\u00e9e ou non et pouvant d\u00e9coulant d\u2019une n\u00e9cessit\u00e9 de maintenance.<\/p><p style=\"font-variant-ligatures: normal; font-variant-caps: normal; font-family: Montserrat; font-size: 14px; font-style: normal; font-weight: 400; color: #3c4858;\">En cas de modification, interruption ou suspension du Site, l&rsquo;Editeur ne saurait \u00eatre tenu responsable.<\/p><h2 style=\"font-variant-ligatures: normal; font-variant-caps: normal; font-style: normal;\">ARTICLE 4 &#8211; COLLECTE DES DONNEES<\/h2><p style=\"font-variant-ligatures: normal; font-variant-caps: normal; font-family: Montserrat; font-size: 14px; font-style: normal; font-weight: 400; color: #3c4858;\">Le Site assure \u00e0 l&rsquo;Utilisateur une collecte et un traitement d&rsquo;informations personnelles dans le respect de la vie priv\u00e9e conform\u00e9ment \u00e0 la loi n\u00b078-17 du 6 janvier 1978 relative \u00e0 l&rsquo;informatique, aux fichiers et aux libert\u00e9s.<\/p><p style=\"font-variant-ligatures: normal; font-variant-caps: normal; font-family: Montserrat; font-size: 14px; font-style: normal; font-weight: 400; color: #3c4858;\">En vertu de la loi Informatique et Libert\u00e9s, en date du 6 janvier 1978, l&rsquo;Utilisateur dispose d&rsquo;un droit d&rsquo;acc\u00e8s, de rectification, de suppression et d&rsquo;opposition de ses donn\u00e9es personnelles. L&rsquo;Utilisateur exerce ce droit :<\/p><p style=\"font-variant-ligatures: normal; font-variant-caps: normal; font-family: Montserrat; font-size: 14px; font-style: normal; font-weight: 400; color: #3c4858;\">Toute utilisation, reproduction, diffusion, commercialisation, modification de toute ou partie du Site, sans autorisation de l\u2019Editeur est prohib\u00e9e et pourra entra\u00een\u00e9e des actions et poursuites judiciaires telles que notamment pr\u00e9vues par le Code de la propri\u00e9t\u00e9 intellectuelle et le Code civil.<\/p><p style=\"font-variant-ligatures: normal; font-variant-caps: normal; font-family: Montserrat; font-size: 14px; font-style: normal; font-weight: 400; color: #3c4858;\">Pour plus d\u2019informations, se reporter aux CGU du site\u00a0<a style=\"font-size: 14px; transition-property: all;\" href=\"https:\/\/lecollectifdigital.lysiana.com\/\">Le Collectif Digital<\/a>\u00a0accessible \u00e0 la rubrique \u00ab\u00a0CGU\u00a0\u00bb<\/p><p style=\"font-variant-ligatures: normal; font-variant-caps: normal; font-family: Montserrat; font-size: 14px; font-style: normal; font-weight: 400; color: #3c4858;\">Pour plus d\u2019informations, se reporter aux CGV du site\u00a0<a style=\"font-size: 14px; transition-property: all;\" href=\"https:\/\/lecollectifdigital.lysiana.com\/\">Le Collectif Digital<\/a>\u00a0accessible \u00e0 la rubrique \u00ab\u00a0CGV\u00a0\u00bb<\/p><p style=\"font-variant-ligatures: normal; font-variant-caps: normal; font-family: Montserrat; font-size: 14px; font-style: normal; font-weight: 400; color: #3c4858;\">Pour plus d&rsquo;informations en mati\u00e8re de protection des donn\u00e9es \u00e0 caract\u00e8re personnel , se reporter \u00e0 la Charte en mati\u00e8re de protection des donn\u00e9es \u00e0 caract\u00e8re personnel du site\u00a0<a style=\"font-size: 14px; transition-property: all;\" href=\"https:\/\/lecollectifdigital.lysiana.com\/\">Le Collectif Digital<\/a>\u00a0accessible \u00e0 la rubrique \u00ab\u00a0Donn\u00e9es personnelles\u00a0\u00bb<\/p><p style=\"font-variant-ligatures: normal; font-variant-caps: normal; font-family: Montserrat; font-size: 14px; font-style: normal; font-weight: 400; color: #3c4858;\">Pour plus d&rsquo;informations en mati\u00e8re de cookies, se reporter \u00e0 la Charte en mati\u00e8re de cookies du site\u00a0<a style=\"font-size: 14px; transition-property: all;\" href=\"https:\/\/lecollectifdigital.lysiana.com\/\">Le Collectif Digital<\/a>\u00a0accessible \u00e0 la rubrique \u00ab\u00a0Cookies\u00a0\u00bb<\/p>\t\t\t\t\t\t\t\t<\/div>\n\t\t\t\t<\/div>\n\t\t\t\t\t<\/div>\n\t\t\t\t<\/div>\n\t\t\t\t<\/div>\n\t\t","protected":false},"excerpt":{"rendered":"<p>Mentions l\u00e9gales En vigueur au\u00a001\/10\/2024 Conform\u00e9ment aux dispositions des Articles 6-III et 19 de la Loi n\u00b02004-575 du 21 juin 2004 pour la Confiance dans l\u2019\u00e9conomie num\u00e9rique, dite L.C.E.N., il est port\u00e9 \u00e0 la connaissance des utilisateurs et visiteurs, ci-apr\u00e8s l&rsquo;\u00a0\u00bbUtilisateur\u00a0\u00bb, du site\u00a0Le Collectif Digital\u00a0, ci-apr\u00e8s le \u00ab\u00a0Site\u00a0\u00bb, les pr\u00e9sentes mentions l\u00e9gales. La connexion et [&hellip;]<\/p>\n","protected":false},"author":1,"featured_media":0,"parent":0,"menu_order":0,"comment_status":"closed","ping_status":"closed","template":"","meta":{"ocean_post_layout":"","ocean_both_sidebars_style":"","ocean_both_sidebars_content_width":0,"ocean_both_sidebars_sidebars_width":0,"ocean_sidebar":"","ocean_second_sidebar":"","ocean_disable_margins":"enable","ocean_add_body_class":"","ocean_shortcode_before_top_bar":"","ocean_shortcode_after_top_bar":"","ocean_shortcode_before_header":"","ocean_shortcode_after_header":"","ocean_has_shortcode":"[wbd_mentions_legales]","ocean_shortcode_after_title":"","ocean_shortcode_before_footer_widgets":"","ocean_shortcode_after_footer_widgets":"","ocean_shortcode_before_footer_bottom":"","ocean_shortcode_after_footer_bottom":"","ocean_display_top_bar":"default","ocean_display_header":"default","ocean_header_style":"","ocean_center_header_left_menu":"","ocean_custom_header_template":"","ocean_custom_logo":0,"ocean_custom_retina_logo":0,"ocean_custom_logo_max_width":0,"ocean_custom_logo_tablet_max_width":0,"ocean_custom_logo_mobile_max_width":0,"ocean_custom_logo_max_height":0,"ocean_custom_logo_tablet_max_height":0,"ocean_custom_logo_mobile_max_height":0,"ocean_header_custom_menu":"","ocean_menu_typo_font_family":"","ocean_menu_typo_font_subset":"","ocean_menu_typo_font_size":0,"ocean_menu_typo_font_size_tablet":0,"ocean_menu_typo_font_size_mobile":0,"ocean_menu_typo_font_size_unit":"px","ocean_menu_typo_font_weight":"","ocean_menu_typo_font_weight_tablet":"","ocean_menu_typo_font_weight_mobile":"","ocean_menu_typo_transform":"","ocean_menu_typo_transform_tablet":"","ocean_menu_typo_transform_mobile":"","ocean_menu_typo_line_height":0,"ocean_menu_typo_line_height_tablet":0,"ocean_menu_typo_line_height_mobile":0,"ocean_menu_typo_line_height_unit":"","ocean_menu_typo_spacing":0,"ocean_menu_typo_spacing_tablet":0,"ocean_menu_typo_spacing_mobile":0,"ocean_menu_typo_spacing_unit":"","ocean_menu_link_color":"","ocean_menu_link_color_hover":"","ocean_menu_link_color_active":"","ocean_menu_link_background":"","ocean_menu_link_hover_background":"","ocean_menu_link_active_background":"","ocean_menu_social_links_bg":"","ocean_menu_social_hover_links_bg":"","ocean_menu_social_links_color":"","ocean_menu_social_hover_links_color":"","ocean_disable_title":"on","ocean_disable_heading":"default","ocean_post_title":"","ocean_post_subheading":"","ocean_post_title_style":"","ocean_post_title_background_color":"","ocean_post_title_background":0,"ocean_post_title_bg_image_position":"","ocean_post_title_bg_image_attachment":"","ocean_post_title_bg_image_repeat":"","ocean_post_title_bg_image_size":"","ocean_post_title_height":0,"ocean_post_title_bg_overlay":0.5,"ocean_post_title_bg_overlay_color":"","ocean_disable_breadcrumbs":"default","ocean_breadcrumbs_color":"","ocean_breadcrumbs_separator_color":"","ocean_breadcrumbs_links_color":"","ocean_breadcrumbs_links_hover_color":"","ocean_display_footer_widgets":"default","ocean_display_footer_bottom":"default","ocean_custom_footer_template":"","footnotes":""},"class_list":["post-544","page","type-page","status-publish","hentry","entry"],"_links":{"self":[{"href":"https:\/\/lecollectifdigital.lysiana.com\/index.php\/wp-json\/wp\/v2\/pages\/544","targetHints":{"allow":["GET"]}}],"collection":[{"href":"https:\/\/lecollectifdigital.lysiana.com\/index.php\/wp-json\/wp\/v2\/pages"}],"about":[{"href":"https:\/\/lecollectifdigital.lysiana.com\/index.php\/wp-json\/wp\/v2\/types\/page"}],"author":[{"embeddable":true,"href":"https:\/\/lecollectifdigital.lysiana.com\/index.php\/wp-json\/wp\/v2\/users\/1"}],"replies":[{"embeddable":true,"href":"https:\/\/lecollectifdigital.lysiana.com\/index.php\/wp-json\/wp\/v2\/comments?post=544"}],"version-history":[{"count":10,"href":"https:\/\/lecollectifdigital.lysiana.com\/index.php\/wp-json\/wp\/v2\/pages\/544\/revisions"}],"predecessor-version":[{"id":625,"href":"https:\/\/lecollectifdigital.lysiana.com\/index.php\/wp-json\/wp\/v2\/pages\/544\/revisions\/625"}],"wp:attachment":[{"href":"https:\/\/lecollectifdigital.lysiana.com\/index.php\/wp-json\/wp\/v2\/media?parent=544"}],"curies":[{"name":"wp","href":"https:\/\/api.w.org\/{rel}","templated":true}]}}